t - 2. Let y be l(5). Let x = y - 0. Determine c(x).
-1
Let g be 2*2*(2 - 1). Suppose 2*b = g + 6. Let y(d) be the third derivative of d**5/60 - 5*d**4/24 + d**3/6 + d**2. Determine y(b).
1
Let q(j) be the third derivative of j**6/60 - j**5/15 + j**4/24 + j**3/3 + 5*j**2. Let o(l) = 3*l + 2. Let i be o(2). Suppose 0 = 3*d + d - i. Determine q(d).
4
Let v be (1 + -2)*1 + 6. Let r(o) = 6*o**2 + 6*o**2 - 13*o**3 + 12*o**3 - 3*o**2 - 3*o**2 - 6*o + 4. Give r(v).
-1
Let n(v) = 4*v**2 + 9*v + 10. Let p(m) = -3*m**2 - 6*m - 7. Let h(l) = -5*n(l) - 7*p(l). Suppose 2 - 26 = -8*y. Calculate h(y).
-1
Let p(n) = 4 - 2 - n - 2 + 1. Let q(v) = v**2 - v + 1. Let r(h) = -5*p(h) + 6*q(h). Let b be 1/2 + (-2)/(-4). Give r(b).
6
Let j be -46*(-2)/4*1. Suppose 2 - 3 = z - 2*c, -4*c = 5*z - j. Let y(x) = -5*x**z + 8*x**3 - 4*x**2 + 3*x - 2*x**3. Determine y(3).
0
Suppose 9*g - 4*g - 55 = 0. Let l = -15 + g. Let p(j) = -6*j**3 + 5*j**2 + j + 4. Let m(t) = -5*t**3 + 5*t**2 + t + 3. Let s(z) = -7*m(z) + 6*p(z). Give s(l).
-9
Let c(z) be the first derivative of 1/30*z**5 - z**2 + 3 - 1/60*z**6 - 1/12*z**4 + 1/6*z**3 + 0*z. Let f(t) be the second derivative of c(t). Calculate f(2).
-11
Let b(v) = 5*v + v**2 - 3*v + 80 - 85 + 5*v. What is b(-9)?
13
Let y(h) = h**2 - 4*h. Suppose 2*z - 35 = -3*b, -5*b + 3*z + 30 = -41. Let k = b + -8. What is y(k)?
5
Let p(h) be the third derivative of 1/24*h**4 + h**2 + 0 - 5/6*h**3 + 0*h. What is p(-4)?
-9
Let n(c) = 2*c + 1. Suppose 0 = 5*p - 2*f - 34, 0*p + 4*f = 3*p - 12. Let z = p - 3. Calculate n(z).
11
Let v(c) = 6*c**2 + 13*c - 2. Let s(o) = -3*o**2 - 6*o + 1. Let r(g) = -9*s(g) - 4*v(g). Give r(1).
4
Let q(o) = -7*o**3 + 14*o**2 - 21*o + 21. Let i(j) = -3*j**3 + 7*j**2 - 10*j + 10. Let f(y) = 5*i(y) - 2*q(y). Determine f(6).
-4
Let p(n) be the first derivative of -n**3/3 - 3*n**2 + 5. What is p(-6)?
0
Let s(d) = d**2 - 2*d + 3. Let c be s(3). Let m(f) = -f**3 + 5*f**2 + 5*f. Calculate m(c).
-6
Let w(o) = -4*o**3 + 5*o**2 + 4*o + 8. Let b(y) = 5*y**3 - 6*y**2 - 5*y - 9. Let d(n) = -5*b(n) - 6*w(n). What is d(0)?
-3
Let m be 2*(0/1 - -2). Let y be (-8)/12*(-6)/m. Let f(u) be the second derivative of 2*u**4/3 + u**3/6 - u**2/2 - 3*u. Calculate f(y).
8
Let u(g) = -g**3 - g**2 - 1. Let a be u(-2). Suppose -a*z - 9 = 0, 0 - 2 = c + 2*z. Let t(s) = -s**3 + s**2 + s**2 - c - 3*s**2. Determine t(0).
-4
Let s(a) = -3*a**3 + 5*a**2 - 5*a + 1. Let p(j) = 1 - 3*j**2 + 19*j - 16*j**2 - 5 + 13*j**3. Let w(x) = -2*p(x) - 9*s(x). Determine w(6).
5
Let h(i) = -i**3 - 2*i - 7. Let p(s) = -2*s**3 + s**2 - 4*s - 13. Let k(g) = -11*h(g) + 6*p(g). Determine k(5).
14
Let s(q) = -q**2 + 4*q - 6. Suppose 5*o - 3*h - 13 = 0, -3*h + 8 + 4 = 0. What is s(o)?
-11
Let t(u) = -165 - 14*u + 0*u + 164. Give t(-1).
13
Suppose -b + 0*x + 2 = 5*x, -5*b + 10 = -3*x. Let g(n) = -6*n**b - 2*n**3 + 1 + n**3 - 3 - n + n**2. Give g(-5).
3
Suppose -27 + 12 = -3*t. Let w = t - 2. Suppose -3*d = 2*d + 4*i + 4, 8 = d + w*i. Let c(x) = x**3 + 5*x**2 + 4*x + 6. Give c(d).
6
Let r(t) be the first derivative of 3 + 4*t + 1/2*t**2. Calculate r(0).
4
Let d(a) be the third derivative of -a**5/60 + a**4/4 + 10*a**2. Determine d(6).
0
Suppose 3*m - 3 - 3 = 0. Let u(y) = y**3 - y**2 - y + 2. What is u(m)?
4
Let d(h) = h + 8. Let s be d(-7). Let a(r) = 3*r**3 + r**2 - r. Let c be a(s). Let y(t) = t - 2 - 2*t + c*t + t. What is y(3)?
7
Let c(b) = -b**2 + 5*b + 7. Let s = 11 + -17. Let w(j) be the third derivative of j**5/60 - j**4/6 - j**3 - j**2. Let v(o) = s*c(o) - 7*w(o). What is v(-2)?
0
Let k(b) = -b**2 - b - 5. Let h be k(0). Let j(m) be the third derivative of -m**4/24 - 5*m**3/3 - 7*m**2 + 9*m. Calculate j(h).
-5
Let h(m) be the first derivative of 0*m - 8 + 3/2*m**2. Determine h(2).
6
Let c(p) = p**3 - 7*p**2 + p - 10. Let x be c(7). Let r(k) = 4 + k + 2*k - 1 + 1 + 2*k**2. Calculate r(x).
13
Let w(y) be the second derivative of y**3/6 - 3*y**2 - 73*y. Give w(7).
1
Suppose -2*f + 0 + 4 = 0. Let k(o) = 24*o**2 - 16*o**2 - 17*o**f. What is k(-1)?
-9
Let g(y) be the third derivative of -y**6/120 + 3*y**5/20 + y**3/2 + 2*y**2. Let r be g(9). Let x be 1*(r - (3 - 2)). Let v(p) = -p**2 + 1. What is v(x)?
-3
Let n(v) be the second derivative of v**3/2 + v**2/2 + 2*v. Let t be 21 + -2 + 3 - 3. Let l = t - 17. Determine n(l).
7
Let r(b) = 4*b + 1. Let w be r(1). Let x(d) = 1 - 6*d + 1 - 4 + d**2. Let h(u) = u**2 - 6*u - 1. Let g(j) = -4*h(j) + 3*x(j). Give g(w).
3
Let c(t) = 2*t - 6. Suppose 4*k + 2*q = 16, -k + 1 = -4*q - 3. Determine c(k).
2
Let c be 3/6*-1*0. Let j(l) = 8 - l + 2*l + c + 4. Determine j(0).
12
Let v(q) = -3*q**3 + 4*q**2 - 4*q - 1. Let p(c) = -16*c**3 + 20*c**2 - 21*c - 6. Let k(f) = -2*p(f) + 11*v(f). What is k(2)?
5
Let l(h) be the first derivative of -h**3/3 - 5*h**2/2 + 5*h - 1. Let c = -116 - -110. Calculate l(c).
-1
Suppose 6*y + 21 = 3*y - 3*b, b + 19 = -5*y. Let o(p) = 6*p**2 - 2 - 2 + 2*p - 5*p**2 + p**2. Determine o(y).
8
Let v(p) = 4*p**2 + 5*p - 2. Let q(s) = -5*s**2 - 6*s + 2. Let j(w) = -3*q(w) - 4*v(w). Suppose 16 = -12*g - 32. Give j(g).
-6
Let n(s) = 136*s - 61*s - 65*s - 4 + s**2. Calculate n(-10).
-4
Let a(c) = 0*c + c + 2 + 0. Suppose 2*z + 88 - 94 = 0. Determine a(z).
5
Let l(c) = -c**2 + 7*c - 6. Let f(d) be the third derivative of -d**5/60 + d**4/4 - d**3/6 + 3*d**2. Let m be f(6). Let h = m - -5. What is l(h)?
6
Let o(f) = f**3 + 4*f**2 - 2. Let v = 6 + 1. Suppose v*b - 20 = 2*b. Suppose -3*c = 2 + b. Give o(c).
6
Let l be 33/(-6) + 3/2. Let v(m) = 2*m**2 + 6*m + 4. Give v(l).
12
Let a(o) be the second derivative of -o**3/2 - o**2 + 17*o. Determine a(-5).
13
Let a(w) = w**3 + 2*w + 7. Let g be a(0). Let y(s) = s**2 - 7*s - 3. What is y(g)?
-3
Let z(a) = -2*a - 3. Let c(p) = -4*p - 6. Let t(s) = 4*c(s) - 7*z(s). Let i = 4 + -6. Calculate t(i).
1
Let o(b) = b**2 - 3*b - 5. Let u be o(0). Let z(f) = f**3 + 6*f**2 + 5*f + 6. What is z(u)?
6
Suppose -12 = -16*t + 19*t. Let m(n) = -n**3 - 4*n**2 + 2*n + 5. What is m(t)?
-3
Let o(h) = h**2 + h - 3. Let q be o(0). Let i be 2 + 4*q/3. Let j be 1 + ((-8)/i)/(-2). Let g(r) = -6*r**2 - r. Calculate g(j).
-5
Let m be (4/10)/((-2)/(-20)). Let t(v) = -v + 7. Calculate t(m).
3
Let t(n) = -n**3 + 4*n**2 - n + 1. Let f(o) = -o**2 - o - o - 3 + 9*o. Let g be f(5). Let k = g - 4. Give t(k).
7
Suppose -5*d - o = 5, -4*d + 4*o - 4 = -0*o. Let i(t) = -t**3 - 2*t**2 - t. Let z(l) = l + 1. Suppose 0 = -f + 6*f - 5. Let y(p) = d*z(p) + f*i(p). Give y(-1).
0
Let k = -47 + 41. Let j(p) = -p**2 - 2*p + 5. Give j(k).
-19
Let z(p) be the third derivative of p**7/840 + p**6/90 - p**5/60 - p**4/24 + 2*p**3/3 + 2*p**2. Let s(v) be the first derivative of z(v). Determine s(-4).
7
Let z(g) = -3 - 1 + 7 + 2*g. Let d be ((-10)/6)/((-3)/9). Calculate z(d).
13
Let w(i) = -2*i**2 - 1 + 40*i - 2 - 37*i. Give w(2).
-5
Let m(b) = 3*b + 0*b + 0*b. Let s = 56 + -58. Determine m(s).
-6
Let x(k) = -k - 1. Let u(n) = n**2 - 4*n + 7. Let m(g) = -u(g) + 4*x(g). Calculate m(0).
-11
Let d(q) = -q**3 - 6*q**2 - 5*q - 1. Let i be d(-5). Let p(b) = -11*b**2 - b - 1. Give p(i).
-11
Let n = 22 - 23. Let x be 2 + 4/(2 + 0). Let m(p) = 9*p**2 - x*p**2 + 3*p - 4*p. Give m(n).
6
Let k(d) be the third derivative of 0*d - 1/60*d**5 + 0 + d**2 + 0*d**4 - d**3. Determine k(0).
-6
Let s(q) = 5*q**2 - q. Let p = 9 - 6. Suppose 2*c + 2 = 2*i + 6, 0 = p*i + c - 6. What is s(i)?
4
Let f(i) = 1 - 2 - 3 - i + 8. Determine f(2).
2
Suppose -2*n + 0*n + 2 = 3*p, 0 = 3*p + n - 1. Let j be (0 - p)*1/2. Let x(t) = t + 6. Give x(j).
6
Let q(m) = 1 - 8*m - 4 + 9*m. Give q(0).
-3
Let l(w) be the first derivative of 2/3*w**3 + 0*w - 1/24*w**4 - w**2 - 1/60*w**5 + 1/120*w**6 - 1. Let x(q) be the second derivative of l(q). Give x(0).
4
Let m(r) = -2*r - 7. Let t(j) = j. Let z(b) = m(b) + t(b). Let h be 3 - (5 - (4 + -7)). What is z(h)?
-2
Let d(i) = i**3 + i**2 - i - 2. Let v be d(0). Let x(a) = 2*a. Let c be x(v). Let g(n) = -n**3 - 4*n**2. Give g(c).
0
Let m be -4 + (0 - (-4)/1). Let l(q) be the second derivative of q + 0*q**2 + 1/12*q**4 + 0 + m*q**3 - 1/10*q**5. Determine l(1).
-1
Let t(a) = 4*a + 2. Let w(u) = 5*u + 3. Let y(p) = -4*t(p) + 3*w(p). What is y(4)?
-3
Let a(m) = m**2 - 5*m - 5. Let u be a(5). Let c(n) = -n - 2. Calculate c(u).
3
Let n(w) be the third der